 is i(-18)?
7
Suppose 1692 = -2*g + 1696. Let r(w) = 0*w + 38 + 34 - 73 + g*w**2 + 13*w. Give r(-7).
6
Let g(z) = -3*z + 6. Let t(j) = 4*j - 7. Let y be 20/90 - 104/(-18). Let o(s) = y*g(s) + 5*t(s). Let v = 3 + 0. Give o(v).
7
Let f(d) be the first derivative of 3*d**2 - 1/4*d**4 + 1 - d + 5/3*d**3. Suppose -3*q = 4*b - 11 - 19, -4*q = b - 14. Calculate f(b).
-1
Let w(c) = -3*c**3 + 31*c**2 + 21*c - 70. Let r(q) = 2*q**3 - 21*q**2 - 14*q + 47. Let l(i) = 7*r(i) + 5*w(i). Calculate l(9).
-39
Suppose 4*z - 6*z - 10 = 0, -3*y = 3*z + 15. Suppose -d + 3 - 2 = y. Let v(n) = 13*n**3 + n - 1. Determine v(d).
13
Let m(u) = u**3 + 3*u**2 - 16*u - 24. Let c be m(-5). Suppose 2*j = 3*n - 3, -2*j + c = -2*n + 8. Let h(l) = -2*l**2 + l - 1. Give h(n).
-2
Let x be ((-84)/(-10))/((-10)/(-25)). Suppose 804 - x = 5*p - f, -f = -4*p + 626. Let a(k) = -p*k**2 + 156*k**2 - 16*k + 6*k + 1. Determine a(-8).
17
Let w(i) = 11 - 1165*i**2 + 14 + 1158*i**2 - 5*i - 39 + 12. What is w(-3)?
-50
Let f(d) = -37*d + 4*d - 3*d + 286 + 19 - 310. What is f(-2)?
67
Suppose -4*n - 12*n = 41*n + 1425. Let g(s) = 2*s + 80. Give g(n).
30
Let o(p) = -17944*p + 17944*p + 21 - p**2. Determine o(8).
-43
Let a = -160 - 232. Let q be a/(-66) - (-26)/429. Let v(h) = -h**3 + 5*h**2 + 6*h - 1. Calculate v(q).
-1
Let v(s) = -s**2 - 2*s + 1. Suppose -2*c - 3 = 3*j, -5*c + 2*c - 3 = 4*j. Give v(j).
-2
Let d be (11 - 7) + -8 + 27. Let h(v) = 15*v - d*v + 8*v - 6 - v**2. Give h(0).
-6
Let w be 148/185 + (0 - (-8)/(-10)). Let a(r) = w - 4*r - 3 - 4*r + 11*r. Calculate a(4).
9
Let n be (8 + -3)*(-10)/5. Let s(h) = 11*h**2 + 47*h + 10. Let w(g) = -5*g**2 - 22*g - 6. Let p(k) = 4*s(k) + 9*w(k). Determine p(n).
-14
Let n(x) = -x**3 + x**2 + 43*x - 90. Let w be n(2). Let o(q) = 2*q**2 + 14*q + 20. Determine o(w).
36
Let n(b) = -6*b + 49. Let t be n(7). Let r be t/(-4) - (-4)/((-64)/(-12)). Let a(k) = -4*k - 1. Determine a(r).
3
Let f be (-7 + 8)/((-39)/(-273)). Let r(i) = 3*i**2 - 18*i + 20. Give r(f).
41
Let u(f) = -6*f + 49. Let s be -10 - (-520)/50 - 228/(-30). Determine u(s).
1
Suppose k - 8*k = -4*k. Let j(d) = -3*d - 23*d - 12 + 25*d. Give j(k).
-12
Let d be (3408/710)/((-6)/10). Let x(w) = 3*w**2 + 22*w - 19. Determine x(d).
-3
Let l(b) = -3624*b + 14500. Let j be l(4). Let h(y) = 21*y - 94. What is h(j)?
-10
Let v(o) be the first derivative of o**3/3 + 19*o**2/2 - 22*o - 738. Calculate v(-16).
-70
Suppose 0 = o + 5, -889*b - 9 = -887*b + o. Let i(a) = -6*a - 14. Calculate i(b).
-2
Suppose -8 = 4*f - 6*f. Suppose 4*w = 4*a - 4, a - 10 = -f*w + 1. Let v be 2 + -4 + (a - 1). Let r(l) = -l**2 - l + 9. Determine r(v).
9
Let s(c) = c**3 + 4*c**2 + 4*c + 1. Let l be s(-3). Let a(f) = -47*f + 9. Let d(i) = 95*i - 18. Let x(z) = 2*a(z) + d(z). What is x(l)?
-2
Let g = 2712 - 2709. Let h(i) be the first derivative of 2*i - i**g - 1/4*i**4 + 3/2*i**2 + 17. Determine h(-3).
-7
Let i(j) = -11*j + 9*j + 2 + 2*j - j. Let o = 54 + -47. Determine i(o).
-5
Let r(b) = b**3 - 5*b**2 - 13*b - 6. Suppose -43*z + 206 = 69 - 121. Determine r(z).
-48
Suppose 2*j - 37 = 5*p, -30 = -3*j - 20*p + 19*p. Let v(u) = u**3 - 12*u**2 + 10*u + 20. Determine v(j).
9
Suppose 8 + 1 = -3*d. Let w be (28/(-84))/((-2)/144). Let s(r) = -3*r + r**3 - w*r**2 + 51*r**2 - 26*r**2 + 4. Give s(d).
-5
Let t(z) = -3*z**2 + z - 2. Let q = -139 - -202. Let l = 64 - q. Let d be (12/2 + -2*2)*l. Determine t(d).
-12
Let t(x) = -x**3 - 10*x**2 - 8*x - 5. Suppose -5*q + 4 = -7*q. Let j(l) = l**3 + 11*l**2 + 8*l + 4. Let o(h) = q*j(h) - 3*t(h). Determine o(-7).
0
Suppose 0 = -52*r + 43*r + 45. Let z(h) = -3*h - 9. Determine z(r).
-24
Let o(i) = -i + 13. Suppose z - 5 = -4*j, -5*z - 11 = 4*j - 2*j. Suppose -45 = -j*x + 27. Suppose t - 6 = -5*b + 22, -x = -5*t + b. What is o(t)?
5
Let p = 7 + -4. Suppose 0 = n + p*r + 12, 0 = 4*n - 0*r - 3*r - 27. Let f(m) = -7 + 12 - 4 - 8*m + m**n - 5*m**2. Determine f(6).
-11
Let d(p) = -19*p - 206. Suppose 774*x = 763*x - 121. Determine d(x).
3
Let l(o) = -10*o - 6. Let m(q) = -11*q - 7. Let f(a) = 6*l(a) - 5*m(a). Let c be ((-35)/((-455)/39))/3. What is f(c)?
-6
Let g = -177 - -179. Let i = 8 + -7. Let r(j) = i + j**3 - 3 + 4 + 2*j**2 + 3*j - g*j. What is r(-3)?
-10
Let d(t) = 5*t**2 + 4*t - 22. Let f(m) = 3*m**2 + 3*m - 3. Let u(k) = 10*k**2 + 11*k - 10. Let p(q) = -7*f(q) + 2*u(q). Let h(z) = -d(z) - 6*p(z). Give h(7).
-5
Let t(h) = -127040*h**2 - 3 + 5*h + 127038*h**2 - 6*h. Determine t(-4).
-31
Let v(q) = 8*q - 12. Let j(y) = -y**3 - 15*y**2 + 60*y + 443. Let f be j(-17). Give v(f).
-4
Let s(f) = -f**2 + 4*f - 111. Let k be s(0). Let u = k + 117. Let z(t) = 0*t - 4 + t - 3. What is z(u)?
-1
Let g(p) be the first derivative of -p**4/4 - 4*p**3 + 13*p**2 + 22*p - 6117. What is g(-14)?
50
Let m be 18/63 - (-32)/(-14). Let u(d) be the third derivative of -d**5/60 + d**4/6 + d**3/2 - d**2 - 21*d. Determine u(m).
-9
Let k(q) = -3*q**2 + q + 1. Let c(y) = -7*y**2 + 4*y + 3. Suppose -7*z + 8*z + 4 = -2*p, 3 = -p. Let x(n) = z*c(n) - 5*k(n). What is x(-2)?
-1
Let f(w) be the third derivative of -7*w**4/24 - 17*w**3/6 - 2426*w**2. Calculate f(-3).
4
Let g(q) = -q**3 + q**2 + 7*q + 3. Let l(y) = y**3 - 14*y**2 - 132*y - 75. Let r be l(-6). Determine g(r).
18
Let n(y) = 2*y**2 + 1. Let x(j) be the third derivative of j**5/60 + 7*j**4/6 - 47*j**3/3 - 98*j**2. Let f be x(-31). Give n(f).
3
Let r(f) be the third derivative of -53*f**5/60 + f**4/6 - f**3/3 + 2763*f**2. Calculate r(1).
-51
Let n(r) = -6*r**2 - 7*r - 13. Let f(b) = 3*b**2 + 4*b + 6. Suppose z - 37 = -42. Let c(s) = z*f(s) - 2*n(s). Calculate c(-2).
-4
Suppose -53 = 4*v + 2*j - 5, 10*j + 96 = 4*v. Let d(l) be the second derivative of l**3/6 + 2*l**2 + l. Calculate d(v).
-2
Let q be (1*2)/(11/(231/14)). Let o(j) = 18 + j + 5 - q - 55. Give o(0).
-35
Let u(s) = -5*s - 46. Let k(i) = 6*i + 53. Let y(w) = -8*k(w) - 9*u(w). Calculate y(-15).
35
Let g(j) be the first derivative of -j**4/4 + 4*j**3/3 + j**2/2 + 5*j - 225. Give g(0).
5
Let z(q) = q**3 + 4*q**2 + 9*q + 4. Suppose -76*d - 248 = -14*d. What is z(d)?
-32
Let y be (-75)/(-24) + (0 - 1)/8. Suppose p + 5 = -2*k - 4, 2*p = y*k + 10. Let f(j) = -j**3 - 4*j**2 - j - 1. Determine f(k).
3
Let z be (-6)/20*(-109 + 69). Let f(n) = -9*n + 121. Calculate f(z).
13
Let q(i) = 32*i + 175. Let g(n) = 33*n + 146. Let f(x) = 6*g(x) - 5*q(x). Calculate f(-3).
-113
Let i(a) = -a + 20. Suppose 3*g - 224 = -13*g. Suppose 16*p - 18 = g*p + 2*m, -2*p = 3*m - 23. Calculate i(p).
10
Let r(o) = -o**3 + 7*o**2 - 5*o + 4. Let q(i) = i**2 - 27*i + 188. Let t be q(13). Let x be (-2 - (-32)/t)/((-14)/(-21)). Determine r(x).
29
Let r(x) = -24*x. Let w(c) = 8*c. Let s(f) = 3*r(f) + 8*w(f). Let m(v) = -v**3 + 8*v**2 - 12*v + 1. Let q be m(6). Suppose -n + q = -0*n. Determine s(n).
-8
Let q(i) be the second derivative of 1/20*i**5 - 13/2*i**2 - 4*i + 5/6*i**4 - 1/3*i**3 - 6. Determine q(-10).
7
Let x(m) = -25*m - 96. Let l(i) = 11*i + 37. Let o(j) = -9*l(j) - 4*x(j). What is o(-42)?
9
Let o = 6 + 0. Let k(l) be the first derivative of -l**2/2 + 4*l + 26194. Give k(o).
-2
Let r(t) = 7 - 5*t + 3*t**2 + 2*t - 5. Suppose -87 + 24 = -7*j. Suppose 15 = 5*p, -5*z - p + 4 = -j. Calculate r(z).
8
Let c(m) = -32*m**2 + 2 - 2*m**3 + 20*m**2 + 4*m**3. Let k be c(6). Let h(s) = 2*s**k - 32 + 31 - s**2. Determine h(0).
-1
Let r(h) = -h**2 + h + 2. Suppose -4*m - 2*u - u = -10, 2*u - 8 = -3*m. Let c be m/2 - (6 - 2). Calculate r(c).
-4
Let y(r) be the first derivative of -11*r**2/2 + 4*r - 3451. Determine y(-1).
15
Let m(x) be the first derivative of -x**3/3 + 7*x**2/2 - 7*x + 1128. Determine m(5).
3
Let j(p) = p - 4. Suppose 3*a = -5*a - 40. Let s be 5 + 2 + a + (8 - 3). Give j(s).
3
Let r(s) be the second derivative of -3*s**3/2 - 47*s**2/2 - 4871*s. Determine r(-10).
43
Let t(y) = -y**3 + 7*y**2 - 5*y + 7. Let l be (-8)/(-8) + 6 + -1. Suppose 19*g + l = 101. Determine t(g).
32
Let a(y) = 4*y - 46 + 78 + 9. Determine a(-7).
13
Let x(r) be the first derivative of -r**4/4 - r**3 + 9*r**2 - 8*r - 1765. Give x(-6).
-8
Let n = -9865 - -9870. Let g(t) = t**2 + 3. Calculate g(n).
28
Let l(b) = 4*b**2 - 27*b - 88. Let c(k) = -5*k**2 + 28*k + 109. Let h(a) = -3*c(a) - 4*l(a). Give h(24).
25
Let a be 1/((71 + -7)/8 + 30/(-4)). Let t(i) be the second derivative